divided by j(-12).
0
Suppose -d - 26 = -3*i - 0*d, -4*i = -5*d - 20. What is the remainder when 58 is divided by i?
8
Suppose -26*i = -28*i + 42. What is the remainder when i is divided by 11?
10
Suppose -4*w - 5*u = -134, -2*u + 3 = -1. Suppose -2*o = -2, o - w = -2*r - 2*o. Let f(x) = 21*x - 1. Calculate the remainder when f(2) is divided by r.
13
Suppose 71 = -8*q + 335. Calculate the remainder when q is divided by 9.
6
Let t(v) = -v**2 + 6*v - 4. Let l be -5*(2 + (-1 - 2)). Let g be t(l). Calculate the remainder when 6/(-4)*(g - 9) is divided by 7.
5
Let w = 223 + -145. Suppose 4*c - w = 2*c. What is the remainder when c is divided by 10?
9
Suppose -2*g = 5*t - 0*g - 2, 4*g + 16 = 0. Let d(a) = a**2 - 3*a - 4. Calculate the remainder when d(5) is divided by t.
0
Let y(x) = 17*x**2 - 1. Calculate the remainder when 61 is divided by y(1).
13
Suppose -4*q = -5*j - 70, -4*q + j + 62 = -0. Suppose q = -3*r, -26 = -6*l + 2*l - 2*r. Suppose -2*y + l = -y. What is the remainder when 25 is divided by y?
7
Let r = 3 - -33. Let c = r - 24. What is the remainder when 35 is divided by c?
11
Suppose 34*b - 25*b = 279. Calculate the remainder when 56 is divided by b.
25
Let c = -122 - -177. Calculate the remainder when c is divided by 15.
10
Suppose -y = -5*u + 1, -5*u + y = -y + 3. What is the remainder when -9*(58/(-6) + u) is divided by 20?
18
Let g(w) = -w**2 + 8*w. What is the remainder when 11 is divided by g(7)?
4
Suppose 0 = -4*c - 8, 3*c + 15 = -0*z - 3*z. Let s(v) = 3*v**2 + v - 5. What is the remainder when 54 is divided by s(z)?
16
Let q = -2 - -7. Let s(u) be the second derivative of -u**3/6 + 23*u**2/2 + 5*u. What is the remainder when s(16) is divided by q?
2
Let i(l) = -l**2 - 9*l + 1. Let g = 0 - -1. Suppose 0*w - w = -g. What is the remainder when i(-9) is divided by w?
0
Let l = -5 + -25. Let b(t) = -t. Let a be b(-2). What is the remainder when 13 is divided by 3*(l/(-9))/a?
3
Suppose 4*c - 20 = -0*c. What is the remainder when (-11 - 1)/((-3)/2) is divided by c?
3
Let f(a) = 10*a + 1 + 0 - 2*a. Let u = -2 - -8. Calculate the remainder when f(2) is divided by u.
5
What is the remainder when (-6)/(-15) - (-4 + 243/(-5)) is divided by 27?
26
Suppose 0 = -3*o - 2*o + 80. Let y = -5 + 34. What is the remainder when y is divided by o?
13
Let p(v) = v**2. Let l be p(1). Let h be (5 - 3)/(l - 0). What is the remainder when h/(-8) - (-65)/4 is divided by 9?
7
Suppose 0 = -4*w + 192 - 20. Calculate the remainder when w is divided by 12.
7
Let o(n) = 2*n**3 + 12*n**2 - 13*n - 35. Let k(y) = -y**3 - 6*y**2 + 6*y + 17. Let i(s) = -13*k(s) - 6*o(s). What is the remainder when 55 is divided by i(-5)?
13
Calculate the remainder when 4 is divided by -6*(-3)/9 - -1.
1
Suppose z - 3*j = 21, z - 6*z - 3*j = -141. What is the remainder when z is divided by 10?
7
Let q(m) = -m**2 - 8*m - 9. Calculate the remainder when 22 is divided by q(-5).
4
Suppose 2*w + 9 = 2*a - 19, 0 = -3*a + w + 44. What is the remainder when a is divided by 4?
3
Calculate the remainder when (-12)/(-54) - 151/(-9) is divided by 6.
5
Let n(k) = -2*k**2. Let r be n(-1). Let u = r + 4. Calculate the remainder when 3 is divided by u.
1
Suppose 5 = -7*v + 8*v. Calculate the remainder when 19 is divided by v.
4
Let z be (-8)/(-60)*-3*-235. Let q = z + -51. Calculate the remainder when q is divided by 22.
21
Let c(f) = -3*f - 3. Suppose -k + 6*k + 25 = 0. What is the remainder when 34 is divided by c(k)?
10
Let f = -170 + 291. Let q = f - 73. What is the remainder when q is divided by 13?
9
Calculate the remainder when 1197/6 + 15/10 is divided by 34.
31
Calculate the remainder when 3/3 - (-79 + 2) is divided by 20.
18
Let g(f) = -4*f - 22. What is the remainder when g(-9) is divided by 8?
6
Suppose -3*o + 489 = 5*h, -h + 3*h + o - 195 = 0. Let s = 138 - h. Calculate the remainder when s is divided by 22.
20
Suppose -44 = 4*k - 324. Let s = 91 - 45. Let f = -22 + s. What is the remainder when k is divided by f?
22
Suppose 4*h - 273 + 21 = 0. Calculate the remainder when h is divided by 11.
8
Suppose 9*f - 10 = 4*f. Suppose 0 = 3*y - 11 + f. Suppose 39 = 5*x + w + 2, 5*w = x - 23. Calculate the remainder when x is divided by y.
2
Let r(d) be the second derivative of -7*d**3/6 - 5*d**2 + 6*d. What is the remainder when r(-7) is divided by 14?
11
Let x = 7 - -2. What is the remainder when 16 is divided by x?
7
Let w = 4 + -18. Let y(x) = -37*x**2. Let v be y(1). Let i = w - v. Calculate the remainder when i is divided by 13.
10
Let l be -1 + -1 + 10 + -2. Suppose 2*g + 2*r = 20, 4*g - 39 = 3*r - l. What is the remainder when 25 is divided by g?
7
Let l = 86 - 50. Let z(h) = 244*h + 4. Let f be z(-5). Calculate the remainder when 4/18 - f/l is divided by 12.
10
Let y(p) = -4*p + 1. What is the remainder when y(-6) is divided by 4?
1
Suppose 0 + 8 = -4*r. Let m be -4 + (-4 - -3 - 1). Let p = r - m. What is the remainder when 15 is divided by p?
3
Let c = 10 - 10. Suppose 2*l - 7*l = 2*x - 43, -3*l + 4*x + 31 = c. Calculate the remainder when (-1 - 0)*-2 - -32 is divided by l.
7
Let a = -9 - -13. Suppose 1 = -a*v + 29. What is the remainder when 11 is divided by v?
4
Let x = -10 - -12. Suppose -3*g + 90 = x*g. Let c(d) = -d**3 - 3*d**2 + 3. What is the remainder when c(-5) is divided by g?
17
Let o(g) be the third derivative of g**5/30 - 5*g**4/24 - 2*g**3/3 - g**2. What is the remainder when o(6) is divided by 2 - (-20 - (-6)/3)?
18
Let z(k) = -k**2 - 8*k. Suppose f = 2*f + 19. What is the remainder when -1*(f + (-1 - -1)) is divided by z(-7)?
5
Let w(h) = h**2 - 6*h + 8. Let i(g) = g**2 - 2*g - 2. Let l be i(-2). Let m = -2 - -7. Calculate the remainder when w(l) is divided by m.
3
Suppose 117 = 3*l + 10*l. What is the remainder when 17 is divided by l?
8
Let g(p) = -2*p**3 - 4*p**2 - 4*p - 3. Let n = -2 + 0. What is the remainder when 13 is divided by g(n)?
3
Suppose -37 = -d + 37. What is the remainder when d is divided by 23?
5
Let p(m) = -32*m**3 + 2*m**2 + m. Calculate the remainder when 98 is divided by p(-1).
32
Let i be (9/(-4))/(12/(-128)). Let u = i + -10. Let s(d) = 8*d**2 + 3*d. What is the remainder when s(-2) is divided by u?
12
Calculate the remainder when 68 is divided by -3 - (-4 - (-1 - 23/(-1))).
22
Let b(j) = -9*j**3 - j - 1. Let n be b(-1). Calculate the remainder when 3/((-6)/8) - -32 is divided by 137/n + (-2)/9.
13
Let m(p) = 5*p**3 + p**2 - p. Let u be m(1). Let g = 11 - u. Let t(b) = -18*b**3 - b**2 + b + 1. What is the remainder when t(-1) is divided by g?
5
Let c = -3 + 10. Suppose -h - 4 = -c. What is the remainder when 9 is divided by h?
0
Let d(g) = g**3 + 18*g**2 - 3*g - 17. What is the remainder when d(-18) is divided by 13?
11
Suppose -q - 2*w - 1 = 0, 3*q + 0*w - 30 = 5*w. Suppose 4*c - 206 = q*y, 2*c + c + 2*y - 143 = 0. Calculate the remainder when c is divided by 25.
24
Suppose 0*c + 330 = 5*c. Calculate the remainder when c is divided by 10/(-35) - (-326)/14.
20
Let c(l) = 16*l**2 - 1. Suppose -h + 4*f = -13, 0 = -4*f + 6 - 18. What is the remainder when 29 is divided by c(h)?
14
Let y(z) be the first derivative of z**4/4 + z**2/2 + 20*z - 1. Let w be (-9 - -4 - -3) + 1 + 1. Calculate the remainder when 38 is divided by y(w).
18
Let p = 36 + -26. Suppose -8 - 12 = -5*q. What is the remainder when p - 3/3*-1 is divided by q?
3
Suppose 0 = -2*y + 5*y - 9. Suppose y*p + 62 = u + 4*u, -12 = 3*p. What is the remainder when 19 is divided by u?
9
Let o(n) = -3 - 3 - 2*n + 6 + 1. Suppose -u + 8 = u. What is the remainder when o(-5) is divided by u?
3
Suppose 0 = -4*l + 74 + 10. Calculate the remainder when 123 is divided by l.
18
Let s = 42 - 36. Calculate the remainder when 3/(-2)*(-20 - 2) is divided by s.
3
Let z be (-2)/(-8) - 50/8. Suppose -2*k + 9*k = 98. Let r = k + z. Calculate the remainder when 13 is divided by r.
5
Let g = 19 + -6. What is the remainder when 18 is divided by g?
5
Let t = 1 + 1. Suppose 5*l - 114 = 2*b, -4*b = l - t*l + 30. Calculate the remainder when 41 is divided by l.
19
Suppose 2*w = -6*f + 2*f + 18, -2*f = -3*w + 59. Let s = -2 + 7. What is the remainder when w is divided by s?
2
Suppose 0*i + 165 = 3*i. Let j(d) = -13*d**3 - 2*d**2 - 1. Let o be j(-2). Suppose 0*s + o = 5*s. Calculate the remainder when i is divided by s.
